{"id":410,"date":"2026-05-14T15:55:29","date_gmt":"2026-05-14T18:55:29","guid":{"rendered":"https:\/\/clinicasaofranciscoipiau.com.br\/?page_id=410"},"modified":"2026-05-14T16:03:24","modified_gmt":"2026-05-14T19:03:24","slug":"ortopedia-e-traumatologia","status":"publish","type":"page","link":"https:\/\/clinicasaofranciscoipiau.com.br\/index.php\/ortopedia-e-traumatologia\/","title":{"rendered":"Ortopedia e Traumatologia"},"content":{"rendered":"\n<figure class=\"wp-block-image size-full\"><img fetchpriority=\"high\" decoding=\"async\" width=\"1024\" height=\"576\" src=\"https:\/\/clinicasaofranciscoipiau.com.br\/wp-content\/uploads\/2026\/05\/image-3.png\" alt=\"\" class=\"wp-image-425\" srcset=\"https:\/\/clinicasaofranciscoipiau.com.br\/wp-content\/uploads\/2026\/05\/image-3.png 1024w, https:\/\/clinicasaofranciscoipiau.com.br\/wp-content\/uploads\/2026\/05\/image-3-300x169.png 300w, https:\/\/clinicasaofranciscoipiau.com.br\/wp-content\/uploads\/2026\/05\/image-3-768x432.png 768w, https:\/\/clinicasaofranciscoipiau.com.br\/wp-content\/uploads\/2026\/05\/image-3-585x329.png 585w\" sizes=\"(max-width: 1024px) 100vw, 1024px\" \/><\/figure>\n\n\n\n<p class=\"has-large-font-size\"><\/p>\n\n\n\n<p>Esta especialidade \u00e9 dedicada ao diagn\u00f3stico e tratamento de les\u00f5es e deformidades que afetam o sistema locomotor, incluindo ossos, m\u00fasculos, articula\u00e7\u00f5es e ligamentos. Na nossa cl\u00ednica, focamos tanto em traumas agudos (fraturas e entorses) quanto em condi\u00e7\u00f5es cr\u00f4nicas que impactam o dia a dia.<\/p>\n\n\n\n<ul class=\"wp-block-list\">\n<li><strong>Tratamentos comuns:<\/strong> H\u00e9rnias de disco, artrose, tendinites, bursites e sequelas de fraturas.<\/li>\n\n\n\n<li><strong>Foco em Direitos:<\/strong> O laudo ortop\u00e9dico \u00e9 fundamental para comprovar limita\u00e7\u00f5es permanentes no ombro, coluna, joelho ou quadril, sendo um dos pilares para o reconhecimento da defici\u00eancia em grau leve ou moderado perante o INSS.<\/li>\n<\/ul>\n\n\n\n<p class=\"has-large-font-size\"><\/p>\n\n\n\n<p><\/p>\n","protected":false},"excerpt":{"rendered":"<p>Esta especialidade \u00e9 dedicada ao diagn\u00f3stico e tratamento de les\u00f5es e deformidades que afetam o sistema locomotor, incluindo ossos, m\u00fasculos, articula\u00e7\u00f5es e ligamentos. Na nossa cl\u00ednica, focamos tanto em traumas&hellip;<\/p>\n","protected":false},"author":1,"featured_media":0,"parent":0,"menu_order":0,"comment_status":"closed","ping_status":"closed","template":"","meta":{"content-type":"","_lmt_disableupdate":"","_lmt_disable":"","footnotes":""},"class_list":["post-410","page","type-page","status-publish","hentry"],"_links":{"self":[{"href":"https:\/\/clinicasaofranciscoipiau.com.br\/index.php\/wp-json\/wp\/v2\/pages\/410","targetHints":{"allow":["GET"]}}],"collection":[{"href":"https:\/\/clinicasaofranciscoipiau.com.br\/index.php\/wp-json\/wp\/v2\/pages"}],"about":[{"href":"https:\/\/clinicasaofranciscoipiau.com.br\/index.php\/wp-json\/wp\/v2\/types\/page"}],"author":[{"embeddable":true,"href":"https:\/\/clinicasaofranciscoipiau.com.br\/index.php\/wp-json\/wp\/v2\/users\/1"}],"replies":[{"embeddable":true,"href":"https:\/\/clinicasaofranciscoipiau.com.br\/index.php\/wp-json\/wp\/v2\/comments?post=410"}],"version-history":[{"count":2,"href":"https:\/\/clinicasaofranciscoipiau.com.br\/index.php\/wp-json\/wp\/v2\/pages\/410\/revisions"}],"predecessor-version":[{"id":426,"href":"https:\/\/clinicasaofranciscoipiau.com.br\/index.php\/wp-json\/wp\/v2\/pages\/410\/revisions\/426"}],"wp:attachment":[{"href":"https:\/\/clinicasaofranciscoipiau.com.br\/index.php\/wp-json\/wp\/v2\/media?parent=410"}],"curies":[{"name":"wp","href":"https:\/\/api.w.org\/{rel}","templated":true}]}}